the second derivative of u**3/2 + 21*u**2/2 - 2*u. Let w be l(-5). Let c(o) = o**2 - 6*o - 8. What is c(w)?
-8
Let i = 7 + -3. Let v(x) = 1 - i*x - 2 - 2*x**2 + 2. Let j = 954 + -957. What is v(j)?
-5
Let x(b) = 14*b**3 - 1. Suppose 4*g + 4 = 40. Suppose g*c = 6*c - 3. Give x(c).
-15
Let k(j) be the third derivative of 5*j**4/24 + 5*j**3/6 + 6*j**2 - 28*j. What is k(-5)?
-20
Let r be 3 + 40/(-4) - -10. Let c(n) be the first derivative of -1 - 3/2*n**2 + 0*n. Determine c(r).
-9
Let z = -30 - -33. Suppose 4*n = -z*u + 14, 0*n = 2*n - 2*u. Let p(b) = -b**3 + 3*b**2 - 3*b + 3. Calculate p(n).
1
Let v(t) be the second derivative of t**3/6 + 9*t**2/2 + t - 56. What is v(-7)?
2
Let m be (-8)/(8/1) - -1. Let y(p) = p**3 + p**2 + p + 20. Calculate y(m).
20
Suppose 266 - 70 = 7*c. Let r(p) = 10*p + 2. Let q be r(2). Let f = q - c. Let z(o) = -o**2 - 6*o + 3. What is z(f)?
3
Let y(i) = i**2 - 12*i + 5. Let t = -1404 - -1418. Calculate y(t).
33
Suppose -4 = s + 2. Let d(j) = -5*j + 4*j + 3*j. Determine d(s).
-12
Let t(j) = 2 - 161*j + j**3 + 5*j**2 - 153*j + 317*j. What is t(-3)?
11
Let q(p) = -p**2 + 11*p - 12. Let g be q(9). Suppose y - 9 = -3*j, -9 - g = -5*j - 5*y. Let s(h) = 5*h - 3 + 0*h + 2 - 4*h. Determine s(j).
2
Let v(j) = 3*j + 5*j**2 - j**3 + 3*j + 6*j - 7*j. Let h be (4/(-6))/((-10)/90). Calculate v(h).
-6
Let k(b) = 38*b**2 - 34*b**2 + b**3 + 8*b - 20*b. Give k(-6).
0
Let v(f) = -f**3 + 2*f - 9. Let t be v(-2). Let i(n) be the third derivative of -n**4/12 + n**3/2 - n**2. Calculate i(t).
13
Let p = -24 + 27. Let w(s) = -3*s**2 - s - 9. Let a(z) = 2*z**2 + z + 5. Let g(n) = p*w(n) + 5*a(n). Calculate g(-2).
-2
Let h(k) = -102*k**2 - k**3 + 48*k**2 + 4 + 54*k**2. Let w be (0/(2/2))/2. Let z = 0 - w. Calculate h(z).
4
Let c(b) be the first derivative of 1/4*b**4 - b + 0*b**2 + 8 + 2/3*b**3. Give c(2).
15
Let q(d) = 3*d**2 - 4*d + 2. Let j = -20 + 23. Suppose -o - 1 = -4*h, -2*h = j*o - 4*h - 27. Let n = -9 + o. Calculate q(n).
6
Let q(m) be the second derivative of 5*m**3/6 + 2*m**2 + m - 107. What is q(-4)?
-16
Suppose -3*l = -3 - 6. Let b(k) = -4*k**3 + k - 43 - 45 + 97 + 3*k**l. Calculate b(0).
9
Let f(q) = -2*q**2 - 41*q + 19. Let u be f(-21). Let x(y) = 5*y + 1. Determine x(u).
-9
Let w(m) be the first derivative of -m**4/4 - 72. Calculate w(-1).
1
Let h(j) = -j**2 + 8*j + 3. Suppose y - 29 = -4*f, 3 = f + 4*y + 7. Let k be h(f). Let g(b) = -1 + 2 - 5*b**2 - 3*b + 0*b**k - b**3. Calculate g(-3).
-8
Let h = 22 - 19. Suppose 0 = -w - w - 4*l + 4, -4 = 3*w + l. Let t be h/w*(9 + -11). Let i(u) = -u**3 + 2*u**2 - u + 4. What is i(t)?
-8
Let g(h) = -h + 1. Let b(i) = 88 - 100 + 4*i + 2*i. Let z(m) = -b(m) - 5*g(m). Calculate z(0).
7
Suppose 1 = 4*l - 15. Suppose -6*j + 11 = -n - j, -j - 51 = -4*n. Let y(m) = 10*m + 2*m + 3 - n*m. Give y(l).
-5
Let l(h) = -h**3 + 4*h**2 - h + 4. Let j = 15 - 11. Suppose 0 = -b - j*b + 60. Suppose -r + b = 2*r. Determine l(r).
0
Suppose -5*f - 14*o = -16*o - 16, -f - 3*o + 27 = 0. Let d(h) = -7*h + h**3 - 2*h**3 + 7 + 7*h**2 + 0. What is d(f)?
1
Let p(c) = 7*c**2 - 5*c + 2. Let m be p(4). Suppose m*z - 90*z = -4. Let v(q) = 2*q**2 + q. Give v(z).
1
Let t = -61 + 61. Let q(i) = 5*i**3 + 4*i**2 - 4*i - 3. Suppose -4*c - 20 = c. Let p(b) = 9*b**3 + 7*b**2 - 7*b - 6. Let j(m) = c*p(m) + 7*q(m). Calculate j(t).
3
Let f be (136/32)/((-1)/(-4)). Suppose -l + f = -3*w, 4*l + 2*w - 82 + 0 = 0. Suppose 2*q + 3*q = l. Let u(t) = t**2 - 2*t - 1. What is u(q)?
7
Let f(k) = k**3 + 7*k**2 + 3*k - 8. Suppose 35*x + 42 = -133. Determine f(x).
27
Let v be (-1050)/140 + 1/(-2). Let b(k) = 4*k + 20. Determine b(v).
-12
Let x(d) = d**3 + 4*d**2 - d + 4. Let p = -162 + 116. Let l = p - -42. What is x(l)?
8
Let i(r) = -2*r**3 + 2*r + 3. Let z be i(-1). Let y(n) = 2*n**2 - n + 4*n - n**z + 9*n**3 - 2*n. Determine y(-1).
-7
Let k(z) = -z**3 + 4*z**2 + 3*z - 10. Let a be k(4). Let x(u) = -3 + 2*u**2 - 1 + 3*u - 4*u**2 + 1. What is x(a)?
-5
Let v be (2/4 - 0/(-4))*0. Suppose -3*m + v*i - 2*i = 0, -4*i - 2 = 5*m. Let o(p) be the third derivative of p**5/60 + p**4/6 - p**3/2 + 2*p**2. Determine o(m).
9
Let v(j) = -j**2 - 5*j + 1. Let p(c) = -2*c + 1. Let h be p(-1). Let x(w) = -w. Let r(k) = -5*k + 5. Let t(o) = r(o) - 2*x(o). Let a be t(h). Calculate v(a).
5
Let t(x) = x**2 - 2 - 1 + 0 + 172*x - 173*x. Give t(-5).
27
Let m(c) = 7*c**3 - 14*c**2 + 13*c - 1. Let u(s) = s**3 - s**2 + s. Suppose -13*l + 8*l - 30 = 0. Let v(q) = l*u(q) + m(q). Give v(7).
-1
Suppose 4*l - 2 = 3*l. Suppose 2*p = -p + 9, 0 = -l*j - 4*p + 12. Suppose -5*w + 7 = -f, j*f = 3*w - 4*f - 11. Let g(u) = -6*u. Calculate g(w).
-6
Let m(z) = -3*z + 2. Let t(n) = -11*n + 7. Let q(a) = -7*m(a) + 2*t(a). Let r = 81 - 86. What is q(r)?
5
Let t be 2*14 - (-2 + 3). Let s = 307 - 283. Let o = s - t. Let k(z) = z**2 + 3*z + 3. What is k(o)?
3
Suppose -5*j + 9 = -4*s - 21, -j - 23 = 5*s. Let r(q) be the second derivative of 10*q + 0 + 1/2*q**j - 4/3*q**3. Give r(-2).
17
Let y be -6 + 4 - 4/(-1). Suppose 0*d - 2*z + 12 = 2*d, 2*d + 3 = 3*z. Let m(l) = -l**d + 1 - 14*l**2 + 14*l**2. What is m(y)?
-7
Let b(x) = -x - 6. Suppose 0 = -3*u + 8*u + 30. Let a be b(u). Suppose 5*r - 25 = -5*l, a*r = r - 2*l + 1. Let s(p) = p**2 - 3*p - 4. Calculate s(r).
-4
Let k(c) = -31*c**3 + 13*c**3 - 2 - 2*c + 0*c**2 + 5*c**2 + 17*c**3. Determine k(4).
6
Let q(s) = -604 + 6*s - 583 - s**2 + 1178. Calculate q(7).
-16
Let k(v) = -5*v**2 + 15*v - 1 - 3*v + 1. Let u(d) = d**2 - d - 1. Let o(q) = -k(q) - 4*u(q). Suppose w - 6 = -2. Calculate o(w).
-12
Let y(u) = 11*u**3 + 4*u - 5*u - 10 + u**2 - 5*u. Let a(o) = -5*o**3 + 3*o + 5. Let q(x) = -9*a(x) - 4*y(x). Let f = 1472 + -1467. Determine q(f).
5
Let x(n) = 40*n**3 + 11*n**2 - 6*n - 4. Let i(k) = 21*k**3 + 6*k**2 - 3*k - 2. Let d(t) = 11*i(t) - 6*x(t). Give d(-1).
8
Let c(m) = 5*m**3 + 15*m**2 - m + 18. Let q(g) = -3*g**3 - 8*g**2 - 10. Let b(k) = -4*c(k) - 7*q(k). Give b(4).
14
Let i(f) = -22*f**2 + 1. Let v = 279 - 280. Calculate i(v).
-21
Suppose 4*b - 5*p + 4 = 0, 5*p - 6 + 3 = 3*b. Let z(k) = -1. Let g(d) = 3*d - 5*d + d + 13. Let r(a) = b*g(a) - 6*z(a). Determine r(6).
-1
Suppose -3*a - 5 = 1. Let l = 138 + -9. Let r(x) = 3 + 271*x - 137*x - l*x. What is r(a)?
-7
Let x(m) = -m - 7. Let h(o) = 1. Let y(z) = -5*h(z) - x(z). Let c(t) = -1. Let d = -13 - -17. Let l(j) = d*y(j) + 7*c(j). What is l(1)?
5
Let a(i) = i**2 + 10*i + 1. Let y(q) = -10*q**3 - 2*q**2 + 2. Let j be y(1). Calculate a(j).
1
Let u(k) = -75*k - 3 + 40*k + 33*k. Determine u(-3).
3
Let o(x) be the third derivative of -x**6/120 + x**5/10 + x**4/12 - x**3/6 - 79*x**2. Determine o(5).
34
Suppose -3*l - 81 = 5*z, -3*l + 4 + 20 = -2*z. Let w(g) = g**2 + 14*g + 8. Let u be w(z). Let o = u - 27. Let v(s) = 2*s**2 + 4*s. What is v(o)?
16
Suppose -2*z + 0 + 6 = 0. Let m(w) = -4*w**2 + 0*w**z + 3*w**3 - 2*w**3 + 0*w + w - 4. Let s be ((-36)/(-60))/((-2)/(-10)). Determine m(s).
-10
Let o(c) = -c**3 + 4*c**2 + 4*c - 4. Let r be (-156)/(-44) + 48/(-88). Suppose -3 = 3*d + r, 2*t + 3*d = 4. Determine o(t).
-9
Suppose -r - 1 = -7. Let g be 194/6 + (-5)/15. Let q(l) = 34*l - 9 + 2 - g*l. Calculate q(r).
5
Suppose 3*i - 7*i = -4*r + 236, -242 = -4*r + 2*i. Let p(o) = 2*o - 3*o**2 + 0*o + 59 - r. What is p(2)?
-11
Let j(d) = 2*d + 1. Let r(o) = 2*o**2 - 3*o + 2. Let m be r(0). Determine j(m).
5
Let n(i) = -i - 3. Let f(l) = 2*l + 2. Let v(y) = 4*f(y) + 3*n(y). Let a be (-21)/14*2/1. Give v(a).
-16
Let q(u) = -3*u**2 - 3*u. Let b = -2 + 5. Suppose -b*p - 2*p = 10. Determine q(p).
-6
Let b(c) = -12 - 2*c - c + 33 + 2*c. Calculate b(0).
21
Let w(i) be the first derivative of -i**3/3 - i**2 - i + 2. Let r be 112/52 - 5 - (-4)/(-26). Give w(r).
-4
Let s(j) = j**3 + j + 8. Let c be (0 - 2) + -2 + 5 - -2. Suppose -5*g - c = -3. Determine s(g).
8
Let o(p) = -11*p - 28. Let y be o(-8). Let r(d) = 58 + 0*d - y - d. Calculate r(5).
-7
Suppose 0 = 3*m + 2*m - 8*m. Let r = m + 8. Let g(p) = p**3 - 7*p**2 - 9*p + 7. Determine g(r).
-1
Let q(x) be the first derivative of x**6/120 - x**5/15 - x**4/24 - x**3/6 - 2*x**2 + 6. Let m(d) be the second derivative of q(d). Give m(5).
19
Let k(l) = -30 - 12*l + 15 - l**2 + 0*l**2 + 9. What is k(-8)?
26
Let w(i) = -i**3 + 9183 + 9184 + i + 3*i**2 - 18366 - 5*i. Calculate w(2).
